{"id":644,"date":"2021-03-03T14:00:36","date_gmt":"2021-03-03T14:00:36","guid":{"rendered":"http:\/\/vykop.cz.uvirt104.active24.cz\/?page_id=644"},"modified":"2022-11-12T10:41:53","modified_gmt":"2022-11-12T10:41:53","slug":"pravni-zastoupeni","status":"publish","type":"page","link":"https:\/\/vykop.cz\/index.php\/pravni-zastoupeni\/","title":{"rendered":"Pr\u00e1vn\u00ed zastoupen\u00ed"},"content":{"rendered":"\t\t<div data-elementor-type=\"wp-page\" data-elementor-id=\"644\" class=\"elementor elementor-644\" data-elementor-settings=\"[]\">\n\t\t\t\t\t\t<div class=\"elementor-inner\">\n\t\t\t\t\t\t\t<div class=\"elementor-section-wrap\">\n\t\t\t\t\t\t\t<section class=\"elementor-section elementor-top-section elementor-element elementor-element-60e3ea0 elementor-section-height-min-height elementor-section-boxed elementor-section-height-default elementor-section-items-middle\" data-id=\"60e3ea0\" data-element_type=\"section\" data-settings=\"{&quot;background_background&quot;:&quot;classic&quot;,&quot;background_motion_fx_motion_fx_scrolling&quot;:&quot;yes&quot;,&quot;background_motion_fx_translateY_effect&quot;:&quot;yes&quot;,&quot;background_motion_fx_translateY_speed&quot;:{&quot;unit&quot;:&quot;px&quot;,&quot;size&quot;:8.300000000000000710542735760100185871124267578125,&quot;sizes&quot;:[]},&quot;background_motion_fx_translateY_affectedRange&quot;:{&quot;unit&quot;:&quot;%&quot;,&quot;size&quot;:&quot;&quot;,&quot;sizes&quot;:{&quot;start&quot;:0,&quot;end&quot;:100}},&quot;background_motion_fx_devices&quot;:[&quot;desktop&quot;,&quot;tablet&quot;,&quot;mobile&quot;]}\">\n\t\t\t\t\t\t<div class=\"elementor-container elementor-column-gap-default\">\n\t\t\t\t\t\t\t<div class=\"elementor-row\">\n\t\t\t\t\t<div class=\"elementor-column elementor-col-100 elementor-top-column elementor-element elementor-element-c791e69\" data-id=\"c791e69\" data-element_type=\"column\">\n\t\t\t<div class=\"elementor-column-wrap elementor-element-populated\">\n\t\t\t\t\t\t\t<div class=\"elementor-widget-wrap\">\n\t\t\t\t\t\t<div class=\"elementor-element elementor-element-b6c448e elementor-widget elementor-widget-heading\" data-id=\"b6c448e\" data-element_type=\"widget\" data-widget_type=\"heading.default\">\n\t\t\t\t<div class=\"elementor-widget-container\">\n\t\t\t<h2 class=\"elementor-heading-title elementor-size-default\">PR\u00c1VN\u00cd ZASTOUPEN\u00cd<\/h2>\t\t<\/div>\n\t\t\t\t<\/div>\n\t\t\t\t\t\t<\/div>\n\t\t\t\t\t<\/div>\n\t\t<\/div>\n\t\t\t\t\t\t\t\t<\/div>\n\t\t\t\t\t<\/div>\n\t\t<\/section>\n\t\t\t\t<section class=\"elementor-section elementor-top-section elementor-element elementor-element-d24aae9 elementor-section-boxed elementor-section-height-default elementor-section-height-default\" data-id=\"d24aae9\" data-element_type=\"section\">\n\t\t\t\t\t\t<div class=\"elementor-container elementor-column-gap-default\">\n\t\t\t\t\t\t\t<div class=\"elementor-row\">\n\t\t\t\t\t<div class=\"elementor-column elementor-col-100 elementor-top-column elementor-element elementor-element-638392f\" data-id=\"638392f\" data-element_type=\"column\">\n\t\t\t<div class=\"elementor-column-wrap elementor-element-populated\">\n\t\t\t\t\t\t\t<div class=\"elementor-widget-wrap\">\n\t\t\t\t\t\t<div class=\"elementor-element elementor-element-dc4a009 elementor-widget elementor-widget-text-editor\" data-id=\"dc4a009\" data-element_type=\"widget\" data-widget_type=\"text-editor.default\">\n\t\t\t\t<div class=\"elementor-widget-container\">\n\t\t\t\t\t<div class=\"elementor-text-editor elementor-clearfix\"><p align=\"center\"><span style=\"text-decoration: underline;\"><strong>ADVOK\u00c1TN\u00cd KANCEL\u00c1\u0158<\/strong><\/span><\/p><p align=\"center\"><strong><em>Mgr. Pavel Posp\u00ed\u0161il<\/em><\/strong><\/p><p align=\"center\"><strong>S\u00eddlo:<\/strong> Okru\u017en\u00ed 10, Mohelnice (druh\u00e9 patro zdravotn\u00edho st\u0159ediska)<\/p><p align=\"center\"><strong>Pr\u00e1vn\u00ed slu\u017eby jsou poskytov\u00e1ny zejm\u00e9na v oblastech:<\/strong> ob\u010dansk\u00e9ho\u00a0(nap\u0159.kupn\u00ed nebo darovac\u00ed smlouvy o p\u0159evodu dom\u016f a byt\u016f, vym\u00e1h\u00e1n\u00ed pohled\u00e1vek), rodinn\u00e9ho (v\u00fd\u017eivn\u00e9, rozvod), pracovn\u00edho, trestn\u00edho, a spr\u00e1vn\u00edho pr\u00e1va.<\/p><p align=\"center\"><strong>\u00da\u0159edn\u00ed hodiny:<\/strong> Pond\u011bl\u00ed &#8211; \u010dtvrtek: 8.30 &#8211; 16.00; P\u00e1tek. 8.30 &#8211; 13.00<\/p><p align=\"center\"><strong>Kontakt:<\/strong> Tel.: +420 732 784 680; e-mail: mgr.pavel.pospisil@centrum.cz\u00a0<\/p><\/div>\n\t\t\t\t<\/div>\n\t\t\t\t<\/div>\n\t\t\t\t\t\t<\/div>\n\t\t\t\t\t<\/div>\n\t\t<\/div>\n\t\t\t\t\t\t\t\t<\/div>\n\t\t\t\t\t<\/div>\n\t\t<\/section>\n\t\t\t\t<section class=\"elementor-section elementor-top-section elementor-element elementor-element-0bb81c1 elementor-section-boxed elementor-section-height-default elementor-section-height-default\" data-id=\"0bb81c1\" data-element_type=\"section\">\n\t\t\t\t\t\t<div class=\"elementor-container elementor-column-gap-default\">\n\t\t\t\t\t\t\t<div class=\"elementor-row\">\n\t\t\t\t\t<div class=\"elementor-column elementor-col-100 elementor-top-column elementor-element elementor-element-aefbc9f\" data-id=\"aefbc9f\" data-element_type=\"column\">\n\t\t\t<div class=\"elementor-column-wrap elementor-element-populated\">\n\t\t\t\t\t\t\t<div class=\"elementor-widget-wrap\">\n\t\t\t\t\t\t<div class=\"elementor-element elementor-element-4f60cdd elementor-widget-divider--view-line elementor-widget elementor-widget-divider\" data-id=\"4f60cdd\" data-element_type=\"widget\" data-widget_type=\"divider.default\">\n\t\t\t\t<div class=\"elementor-widget-container\">\n\t\t\t\t\t<div class=\"elementor-divider\">\n\t\t\t<span class=\"elementor-divider-separator\">\n\t\t\t\t\t\t<\/span>\n\t\t<\/div>\n\t\t\t\t<\/div>\n\t\t\t\t<\/div>\n\t\t\t\t<div class=\"elementor-element elementor-element-c44fb93 elementor-position-left elementor-view-default elementor-vertical-align-top elementor-widget elementor-widget-icon-box\" data-id=\"c44fb93\" data-element_type=\"widget\" data-widget_type=\"icon-box.default\">\n\t\t\t\t<div class=\"elementor-widget-container\">\n\t\t\t\t\t<div class=\"elementor-icon-box-wrapper\">\n\t\t\t\t\t\t<div class=\"elementor-icon-box-icon\">\n\t\t\t\t<span class=\"elementor-icon elementor-animation-grow\" >\n\t\t\t\t<i aria-hidden=\"true\" class=\"fas fa-envelope\"><\/i>\t\t\t\t<\/span>\n\t\t\t<\/div>\n\t\t\t\t\t\t<div class=\"elementor-icon-box-content\">\n\t\t\t\t<h3 class=\"elementor-icon-box-title\">\n\t\t\t\t\t<span >KONTAKTN\u00cd FORMUL\u00c1\u0158<\/span>\n\t\t\t\t<\/h3>\n\t\t\t\t\t\t\t<\/div>\n\t\t<\/div>\n\t\t\t\t<\/div>\n\t\t\t\t<\/div>\n\t\t\t\t<div class=\"elementor-element elementor-element-44d84a9 elementor-button-align-stretch elementor-widget elementor-widget-form\" data-id=\"44d84a9\" data-element_type=\"widget\" data-settings=\"{&quot;step_next_label&quot;:&quot;Next&quot;,&quot;step_previous_label&quot;:&quot;Previous&quot;,&quot;button_width&quot;:&quot;100&quot;,&quot;step_type&quot;:&quot;number_text&quot;,&quot;step_icon_shape&quot;:&quot;circle&quot;}\" data-widget_type=\"form.default\">\n\t\t\t\t<div class=\"elementor-widget-container\">\n\t\t\t\t\t<form class=\"elementor-form\" method=\"post\" id=\"KONTAKT\" name=\"Kontaktn\u00ed formul\u00e1\u0159\">\n\t\t\t<input type=\"hidden\" name=\"post_id\" value=\"644\"\/>\n\t\t\t<input type=\"hidden\" name=\"form_id\" value=\"44d84a9\"\/>\n\n\t\t\t\n\t\t\t<div class=\"elementor-form-fields-wrapper elementor-labels-above\">\n\t\t\t\t\t\t\t\t<div class=\"elementor-field-type-email elementor-field-group elementor-column elementor-field-group-email elementor-col-100 elementor-field-required\">\n\t\t\t\t\t<label for=\"form-field-email\" class=\"elementor-field-label\">V\u00e1\u0161 e-mail<\/label><input size=\"1\" type=\"email\" name=\"form_fields[email]\" id=\"form-field-email\" class=\"elementor-field elementor-size-md  elementor-field-textual\" placeholder=\"Email\" required=\"required\" aria-required=\"true\">\t\t\t\t<\/div>\n\t\t\t\t\t\t\t\t<div class=\"elementor-field-type-select elementor-field-group elementor-column elementor-field-group-field_dbb2f6e elementor-col-100\">\n\t\t\t\t\t<label for=\"form-field-field_dbb2f6e\" class=\"elementor-field-label\">Co popt\u00e1v\u00e1te?<\/label>\t\t<div class=\"elementor-field elementor-select-wrapper \">\n\t\t\t<select name=\"form_fields[field_dbb2f6e]\" id=\"form-field-field_dbb2f6e\" class=\"elementor-field-textual elementor-size-md\">\n\t\t\t\t<option value=\"Zemn\u00ed pr\u00e1ce a v\u00fdkopov\u00e9 pr\u00e1ce\">Zemn\u00ed pr\u00e1ce a v\u00fdkopov\u00e9 pr\u00e1ce<\/option><option value=\"P\u0159\u00edpravn\u00e9 pr\u00e1ce pro stavby\">P\u0159\u00edpravn\u00e9 pr\u00e1ce pro stavby<\/option><option value=\"Hlouben\u00ed baz\u00e9n\u016f a jez\u00edrek\">Hlouben\u00ed baz\u00e9n\u016f a jez\u00edrek<\/option><option value=\"Rovn\u00e1n\u00ed i svahov\u00e1n\u00ed ter\u00e9nu\">Rovn\u00e1n\u00ed i svahov\u00e1n\u00ed ter\u00e9nu<\/option><option value=\"Zpev\u0148ov\u00e1n\u00ed cest\">Zpev\u0148ov\u00e1n\u00ed cest<\/option><option value=\"\u00dapravy zahrad\">\u00dapravy zahrad<\/option><option value=\"V\u00fdkopy kanalizac\u00ed\">V\u00fdkopy kanalizac\u00ed<\/option><option value=\"Zahrnovac\u00ed pr\u00e1ce\">Zahrnovac\u00ed pr\u00e1ce<\/option><option value=\"\u010ci\u0161t\u011bn\u00ed p\u0159\u00edkop\u016f\">\u010ci\u0161t\u011bn\u00ed p\u0159\u00edkop\u016f<\/option><option value=\"Vyhled\u00e1v\u00e1n\u00ed podzemn\u00edho veden\u00ed\">Vyhled\u00e1v\u00e1n\u00ed podzemn\u00edho veden\u00ed<\/option><option value=\"P\u0159eprava materi\u00e1l\u016f a zeminy\">P\u0159eprava materi\u00e1l\u016f a zeminy<\/option><option value=\"Kontejnerov\u00e1 doprava\">Kontejnerov\u00e1 doprava<\/option><option value=\"Demoli\u010dn\u00ed pr\u00e1ce\">Demoli\u010dn\u00ed pr\u00e1ce<\/option><option value=\"Autodoprava\">Autodoprava<\/option><option value=\"-Vyberte-\">-Vyberte-<\/option>\t\t\t<\/select>\n\t\t<\/div>\n\t\t\t\t\t\t<\/div>\n\t\t\t\t\t\t\t\t<div class=\"elementor-field-type-textarea elementor-field-group elementor-column elementor-field-group-message elementor-col-100\">\n\t\t\t\t\t<label for=\"form-field-message\" class=\"elementor-field-label\">Va\u0161e zpr\u00e1va<\/label><textarea class=\"elementor-field-textual elementor-field  elementor-size-md\" name=\"form_fields[message]\" id=\"form-field-message\" rows=\"4\" placeholder=\"Sem napi\u0161te zpr\u00e1vu\"><\/textarea>\t\t\t\t<\/div>\n\t\t\t\t\t\t\t\t<div class=\"elementor-field-type-recaptcha_v3 elementor-field-group elementor-column elementor-field-group-field_b3f0d58 elementor-col-100 recaptcha_v3-bottomright\">\n\t\t\t\t\t<div class=\"elementor-field\" id=\"form-field-field_b3f0d58\"><div class=\"elementor-g-recaptcha\" data-sitekey=\"6LcFkaAfAAAAAIxQIMVRebDc15eZiK2G7xJ8AgR9\" data-type=\"v3\" data-action=\"Form\" data-badge=\"bottomright\" data-size=\"invisible\"><\/div><\/div>\t\t\t\t<\/div>\n\t\t\t\t\t\t\t\t<div class=\"elementor-field-type-text\">\n\t\t\t\t\t<input size=\"1\" type=\"text\" name=\"form_fields[field_acd36bd]\" id=\"form-field-field_acd36bd\" class=\"elementor-field elementor-size-md \" style=\"display:none !important;\">\t\t\t\t<\/div>\n\t\t\t\t\t\t\t\t<div class=\"elementor-field-type-html elementor-field-group elementor-column elementor-field-group-field_1805c8f elementor-col-100\">\n\t\t\t\t\t<span style=\"font-size:12px\">This site is protected by reCAPTCHA and the Google <a href=\"https:\/\/policies.google.com\/privacy\">Privacy Policy<\/a> and <a href=\"https:\/\/policies.google.com\/terms\">Terms of Service<\/a> apply.<\/span>\t\t\t\t<\/div>\n\t\t\t\t\t\t\t\t<div class=\"elementor-field-group elementor-column elementor-field-type-submit elementor-col-100 e-form__buttons\">\n\t\t\t\t\t<button type=\"submit\" class=\"elementor-button elementor-size-sm\">\n\t\t\t\t\t\t<span >\n\t\t\t\t\t\t\t\t\t\t\t\t\t\t\t<span class=\"elementor-align-icon-right elementor-button-icon\">\n\t\t\t\t\t\t\t\t\t<i aria-hidden=\"true\" class=\"far fa-paper-plane\"><\/i>\t\t\t\t\t\t\t\t\t\t\t\t\t\t\t\t\t<\/span>\n\t\t\t\t\t\t\t\t\t\t\t\t\t\t\t\t\t\t\t\t\t\t<span class=\"elementor-button-text\">ODESLAT<\/span>\n\t\t\t\t\t\t\t\t\t\t\t\t\t<\/span>\n\t\t\t\t\t<\/button>\n\t\t\t\t<\/div>\n\t\t\t<\/div>\n\t\t<\/form>\n\t\t\t\t<\/div>\n\t\t\t\t<\/div>\n\t\t\t\t<div class=\"elementor-element elementor-element-17ff213 elementor-widget-divider--view-line elementor-widget elementor-widget-divider\" data-id=\"17ff213\" data-element_type=\"widget\" data-widget_type=\"divider.default\">\n\t\t\t\t<div class=\"elementor-widget-container\">\n\t\t\t\t\t<div class=\"elementor-divider\">\n\t\t\t<span class=\"elementor-divider-separator\">\n\t\t\t\t\t\t<\/span>\n\t\t<\/div>\n\t\t\t\t<\/div>\n\t\t\t\t<\/div>\n\t\t\t\t\t\t<\/div>\n\t\t\t\t\t<\/div>\n\t\t<\/div>\n\t\t\t\t\t\t\t\t<\/div>\n\t\t\t\t\t<\/div>\n\t\t<\/section>\n\t\t\t\t<section class=\"elementor-section elementor-top-section elementor-element elementor-element-00826db elementor-section-boxed elementor-section-height-default elementor-section-height-default\" data-id=\"00826db\" data-element_type=\"section\">\n\t\t\t\t\t\t<div class=\"elementor-container elementor-column-gap-default\">\n\t\t\t\t\t\t\t<div class=\"elementor-row\">\n\t\t\t\t\t<div class=\"elementor-column elementor-col-100 elementor-top-column elementor-element elementor-element-b54786c\" data-id=\"b54786c\" data-element_type=\"column\">\n\t\t\t<div class=\"elementor-column-wrap elementor-element-populated\">\n\t\t\t\t\t\t\t<div class=\"elementor-widget-wrap\">\n\t\t\t\t\t\t<div class=\"elementor-element elementor-element-e4e9290 elementor-widget elementor-widget-html\" data-id=\"e4e9290\" data-element_type=\"widget\" data-widget_type=\"html.default\">\n\t\t\t\t<div class=\"elementor-widget-container\">\n\t\t\t <a href=\"http:\/\/www.mytopface.com\">\n<img src=\"https:\/\/vykop.cz\/wp-content\/uploads\/2022\/11\/joplll.png\" srcset=\"https:\/\/vykop.cz\/wp-content\/uploads\/2022\/11\/joplll.png 2x\" alt=\"banner\"\/>\n\t\t<\/div>\n\t\t\t\t<\/div>\n\t\t\t\t<div class=\"elementor-element elementor-element-e31c5bd elementor-widget elementor-widget-image\" data-id=\"e31c5bd\" data-element_type=\"widget\" data-widget_type=\"image.default\">\n\t\t\t\t<div class=\"elementor-widget-container\">\n\t\t\t\t\t<div class=\"elementor-image\">\n\t\t\t\t\t\t\t\t\t\t<img width=\"600\" height=\"500\" src=\"https:\/\/vykop.cz\/wp-content\/uploads\/2022\/11\/joplll.png\" class=\"attachment-large size-large\" alt=\"\" loading=\"lazy\" srcset=\"https:\/\/vykop.cz\/wp-content\/uploads\/2022\/11\/joplll.png 600w, https:\/\/vykop.cz\/wp-content\/uploads\/2022\/11\/joplll-300x250.png 300w\" sizes=\"(max-width: 600px) 100vw, 600px\" \/>\t\t\t\t\t\t\t\t\t\t\t<\/div>\n\t\t\t\t<\/div>\n\t\t\t\t<\/div>\n\t\t\t\t\t\t<\/div>\n\t\t\t\t\t<\/div>\n\t\t<\/div>\n\t\t\t\t\t\t\t\t<\/div>\n\t\t\t\t\t<\/div>\n\t\t<\/section>\n\t\t\t\t\t\t<\/div>\n\t\t\t\t\t\t<\/div>\n\t\t\t\t\t<\/div>\n\t\t","protected":false},"excerpt":{"rendered":"<p>PR\u00c1VN\u00cd ZASTOUPEN\u00cd ADVOK\u00c1TN\u00cd KANCEL\u00c1\u0158 Mgr. Pavel Posp\u00ed\u0161il S\u00eddlo: Okru\u017en\u00ed 10, Mohelnice (druh\u00e9 patro zdravotn\u00edho st\u0159ediska) Pr\u00e1vn\u00ed slu\u017eby jsou poskytov\u00e1ny zejm\u00e9na v oblastech: ob\u010dansk\u00e9ho\u00a0(nap\u0159.kupn\u00ed nebo darovac\u00ed smlouvy o p\u0159evodu dom\u016f a byt\u016f, vym\u00e1h\u00e1n\u00ed pohled\u00e1vek), rodinn\u00e9ho (v\u00fd\u017eivn\u00e9, rozvod), pracovn\u00edho, trestn\u00edho, a spr\u00e1vn\u00edho pr\u00e1va. \u00da\u0159edn\u00ed hodiny: Pond\u011bl\u00ed &#8211; \u010dtvrtek: 8.30 &#8211; 16.00; P\u00e1tek. 8.30 &#8211; 13.00 Kontakt: Tel.: [&hellip;]<\/p>\n","protected":false},"author":1,"featured_media":0,"parent":0,"menu_order":0,"comment_status":"closed","ping_status":"closed","template":"elementor_header_footer","meta":[],"_links":{"self":[{"href":"https:\/\/vykop.cz\/index.php\/wp-json\/wp\/v2\/pages\/644"}],"collection":[{"href":"https:\/\/vykop.cz\/index.php\/wp-json\/wp\/v2\/pages"}],"about":[{"href":"https:\/\/vykop.cz\/index.php\/wp-json\/wp\/v2\/types\/page"}],"author":[{"embeddable":true,"href":"https:\/\/vykop.cz\/index.php\/wp-json\/wp\/v2\/users\/1"}],"replies":[{"embeddable":true,"href":"https:\/\/vykop.cz\/index.php\/wp-json\/wp\/v2\/comments?post=644"}],"version-history":[{"count":46,"href":"https:\/\/vykop.cz\/index.php\/wp-json\/wp\/v2\/pages\/644\/revisions"}],"predecessor-version":[{"id":915,"href":"https:\/\/vykop.cz\/index.php\/wp-json\/wp\/v2\/pages\/644\/revisions\/915"}],"wp:attachment":[{"href":"https:\/\/vykop.cz\/index.php\/wp-json\/wp\/v2\/media?parent=644"}],"curies":[{"name":"wp","href":"https:\/\/api.w.org\/{rel}","templated":true}]}}